l**2 + 4*l. Let h be t(2). Suppose -5*g + 6 = h*u - 19, 2*g - 10 = -4*u. Let c(n) = -n + 2. What is the units digit of c(u)?
2
Suppose -5*w = -38 + 8. Let n = 5 + w. What is the units digit of n?
1
Suppose -9 + 27 = 2*c. What is the units digit of c?
9
Let i = -5 + 9. Suppose i*j - 11 = -c - 0*c, 0 = 5*c - 15. Suppose -38 = -2*p - 5*z, 2*p + z = j*z + 14. What is the units digit of p?
9
Let n(w) = 2*w**2 + 5*w + 4. Let q be n(-4). Let k = -23 + q. Let x = 0 - k. What is the units digit of x?
7
Suppose -4*g + 4*x = 0, 5*g - 8 = -2*x + 20. Let c be (-5 - -3)/(1/(-2)). Suppose -c + 0 = -g*p. What is the units digit of p?
1
Let t = 166 - -31. What is the units digit of t?
7
Suppose 2*o = -2 + 6. Suppose 0 = o*m - 19 + 7. Suppose -4*y - 36 = -4*p, m*y - 4 = -p + 2*y. What is the units digit of p?
8
Let v(j) = j**3 + 7*j**2 + 7*j + 2. Let y(f) = -f**3 + 9*f**2 - 9*f + 2. Let p be y(8). Let a be v(p). Let u = 5 + a. What is the units digit of u?
1
Let s(v) be the second derivative of -v**3/3 + v**2/2 - 2*v. Let p be s(-2). Let j = p + -3. What is the units digit of j?
2
Suppose -5*b - 5*o + 2*o + 1105 = 0, -2*b + 442 = -3*o. What is the hundreds digit of b?
2
Let k(x) = -x**3 + 12*x**2 + 14*x + 15. What is the tens digit of k(13)?
2
Let b be 2/8 - (-1340)/16. What is the tens digit of 50/4*b/35?
3
Let b(c) be the second derivative of c**4/6 + c**3/6 + 4*c**2 - c. Let h(g) = -3*g**2 - 2*g - 9. Let z(i) = -5*b(i) - 4*h(i). What is the units digit of z(-3)?
5
Suppose -2112 - 1587 = -9*x. What is the tens digit of x?
1
Let p(a) = 3*a**2 + 9*a - 4. Let y(i) = -i**2 - i + 1. Let f(t) = -p(t) - 5*y(t). Let c(q) be the first derivative of f(q). What is the units digit of c(3)?
8
Let c = -1 + 3. Let a be c/8 - (-123)/(-12). Let k = -2 - a. What is the units digit of k?
8
Let j(a) = -3*a + 63. What is the units digit of j(10)?
3
What is the tens digit of 2*249*(-1)/(-6)?
8
Suppose -7*b = -3*b + 2*p - 14, -2*b + 13 = -p. What is the tens digit of 3*((3 - 1) + b)?
2
Let f(v) = v**2 + 4*v - 4. What is the units digit of f(-5)?
1
Suppose 0*q + q - 4 = 0. Let b = q + -3. What is the units digit of 1/(b/6*2)?
3
Let w(u) = -u**2 - 10*u + 2. Let n be w(-10). What is the units digit of n/(3/6 + 0)?
4
Suppose -8*z + 1089 + 711 = 0. What is the units digit of z?
5
Suppose 4*f - f = 39. Let p = 26 - f. Suppose 2*t - 59 = -p. What is the units digit of t?
3
Suppose -2*w - 7 = -125. Suppose 16 = 5*p - w. What is the units digit of p?
5
Let g(l) = l**2 - 5*l - 6. Let z be g(6). Let k = 10 - z. What is the units digit of k?
0
Suppose -3*z + 8 = 4*d - 5, -3*z - 5*d = -8. Suppose 27 + 45 = 4*v. Let i = v - z. What is the units digit of i?
7
Let d = 12 + 18. What is the units digit of d?
0
Suppose -5*w - 3*o = -w - 19, 0 = 5*w - 2*o - 18. Suppose 0 = 4*k - 0*k + w. What is the units digit of k/(-4) - 57/(-12)?
5
Suppose 0 = 2*w - 4 - 0. Suppose 2*r = 3*y, 7*y + 2*r = w*y. Suppose -3*a + 50 = 4*c, 2*a - 15 = c - y*c. What is the tens digit of a?
1
Suppose -3*b + 152 = -3*y - y, -2*b - 3*y = -124. Suppose 2*k + 8 - b = 0. What is the units digit of k?
4
Let q(p) = -22*p + 43. What is the units digit of q(-11)?
5
Let f(t) = 67*t**3 + 3*t - 2. What is the tens digit of f(1)?
6
Let s(l) = -l + 3. Let g be s(5). Let w(z) = z**2 + 2*z + 1. What is the units digit of w(g)?
1
Let g(x) = x**2 - x - 6. What is the units digit of g(5)?
4
Let r be (-3 + -1)*(0 - 1). Suppose -3*j - r*i = -78 - 5, j + i - 27 = 0. What is the units digit of j?
5
Suppose 0 = -5*t + 25, -n + 0*n + 7 = t. Let z(w) = 7*w + 1. Let a(p) = -3*p - 1. Let y(i) = n*z(i) + 5*a(i). What is the units digit of y(-6)?
3
Let m be 0 - (-1 + -2 + 1). Let j be m/9 + (-349)/(-9). Suppose -3*t - 4*q = -j, -3*t + q + 13 = -11. What is the units digit of t?
9
Suppose -t - 12 = -4*i + 3*t, 0 = -5*i - 5*t - 15. Let k be i + -2 + -3 + 1. Let g = k + 8. What is the units digit of g?
4
Let a(i) = 4*i**2 + 5*i - 3. Let v be a(-4). Suppose 5*z + 0*z + 2*n = v, -5*n = 2*z - 8. What is the units digit of z?
9
Let y = -7 - -19. What is the units digit of 4/y + 28/6?
5
Let l(b) = 3*b**2 - 11*b - 36. What is the units digit of l(-5)?
4
Let i be (-1)/(-4) + 22/8. Suppose i*f - 216 - 5 = -2*s, 0 = 4*f - 5*s - 310. What is the units digit of f/11 - 2/(-11)?
7
Let w = -13 + 25. What is the units digit of w?
2
Suppose 0 = 5*j - j - 20. Suppose 0 = -s + q + 9, -33 = -j*s + q + q. Let r(c) = -c**3 + 4*c**2 + 6*c + 5. What is the tens digit of r(s)?
1
Let b = 8 - -14. Suppose -5*w + b = -3. What is the units digit of w?
5
What is the tens digit of 1 + 6 - (-4 - -1)?
1
Let r = -14 + 41. What is the units digit of r?
7
Let w = -1 - -21. What is the units digit of w?
0
What is the hundreds digit of 2/(-10) + (-3 - (-571)/5)?
1
Suppose -5*p - 16 + 181 = 0. What is the units digit of p?
3
Suppose 17*j - 13*j = 520. What is the tens digit of j?
3
Let k(c) = -9*c**2 - 15*c - 1. Let m(l) = 5*l**2 + 8*l. Let p(u) = -4*k(u) - 7*m(u). Let z(a) = a - 3. Let j be z(0). What is the units digit of p(j)?
1
Let u be (-2)/10 + 33/15. Suppose -2*x + 1 = -3*p - 0*x, 0 = -p + u*x - 7. What is the units digit of p?
3
Let j(k) be the third derivative of k**5/60 + k**4/24 + k**3/6 + 2*k**2. Let w be j(2). What is the units digit of (w + -2)/(2/2)?
5
Let a be ((-36)/(-15))/(6/40). Suppose 2*h = 4*u - 8, 4*h + 2*u = -h + a. Let f(l) = 4*l**2 - 4*l + 3. What is the units digit of f(h)?
1
Let y be 34/(-3) + (-2)/3. What is the units digit of y/(-4)*(-22)/(-3)?
2
Let f = -30 + 32. What is the units digit of f?
2
Suppose 0 = 2*p - 6*p - a + 9, 5*p - 15 = -5*a. Let j(g) = -g + g**p + 3 + g. What is the tens digit of j(-3)?
1
Suppose -2*c - 4 = 2. Let v(g) = g**3 + 3*g**2 - g - 2. What is the units digit of v(c)?
1
Suppose 153*v - 332 = 151*v. What is the tens digit of v?
6
Suppose -5*k + 9 = -2*k. Suppose -5*n = -u - k*u + 23, -4*u - n + 53 = 0. Suppose q - u = -2*q. What is the units digit of q?
4
Let d(g) = -g**3 - 8*g**2 + 10. Let t be d(-8). Let m = t + -14. What is the units digit of (-6)/m + 4/8?
2
Let u(w) = 2*w**2 - 5*w - 7. Let o be u(6). What is the units digit of (-28)/o*10/(-4)?
2
Suppose -2*k = -5*k - 33. Let h(i) = i**2 + 10*i - 9. Let a be h(k). Suppose 6*m - 2*m = 3*t + 23, -4*m = -a*t - 18. What is the units digit of m?
2
Suppose 2*d + d - 48 = 0. Let q = 31 - d. What is the tens digit of q?
1
Let d(l) = 2*l + 1. Let r(c) = c**2 - 9*c + 2. Let f be r(9). Let i be d(f). Let a(m) = m**2 - m - 7. What is the units digit of a(i)?
3
Suppose -2*k = -85 + 27. What is the units digit of k?
9
Let r(a) = -a**2 - 6*a + 8. Suppose 3*z - 3*f + 19 = -14, 43 = -5*z + 2*f. Let b be r(z). Let d = b + 4. What is the units digit of d?
5
Let o(c) be the third derivative of c**5/60 - c**4/24 - 4*c**2. What is the tens digit of o(-3)?
1
Let a(w) = 9*w**2 + 16*w + 4. Let o(x) = -5*x**2 - 8*x - 2. Let c(k) = -4*a(k) - 7*o(k). Let p = -17 - -10. What is the units digit of c(p)?
5
Let z(x) = -3*x**3 + 10*x**2 + 2*x - 1. Let o(h) = h**3 - h - 1. Let u(c) = -2*o(c) - z(c). Let q be u(10). Suppose 0*b + 39 = q*b. What is the tens digit of b?
1
Suppose f + 13 = -2*v + 2*f, -29 = v - 5*f. Let t = 6 + v. Suppose 6 = -2*p, -t*p = -4*l + 4 + 14. What is the units digit of l?
3
Let q(o) = -o**3 + o**2 + 15. Let w be q(0). Let t = 9 - 10. What is the units digit of ((-6)/18)/(t/w)?
5
Let p = -1 + 1. Suppose 2*a - 4 + 0 = p. Let d(j) = 3*j**2 - 2. What is the tens digit of d(a)?
1
Let j(l) = -l + 1. Let s be j(5). Suppose 3*w + 3*p - 27 = 0, -4*p = -4*w + 6 + 6. Let o = w + s. What is the units digit of o?
2
Let f(p) = p**2 - 2*p + 15. What is the units digit of f(-9)?
4
Let o(v) = 5 + 3*v**3 - v**2 - 1 - 2. Let x be o(2). Let w = x - 15. What is the units digit of w?
7
Suppose 3*u = 2*o - 4*o + 70, 3*o - u - 127 = 0. What is the units digit of o?
1
Let v(c) = c**3 - 2*c**2 - 18*c + 17. What is the tens digit of v(7)?
3
Let d(x) = 3*x - 10. Let y = 6 - -2. Let q be d(y). Let i = q + -6. What is the units digit of i?
8
Let n(s) = 6*s**3 - 5*s**2 + 4*s - 1. What is the units digit of n(3)?
8
Let k be (-1 - 1/(-1)) + -2. Let f be (k + 2)/(4/2). Let o = f + 5. What is the units digit of o?
5
Let b(m) = -11*m + 11. What is the units digit of b(-7)?
8
Suppose 7*o + 246 = 10*o. What is the units digit of 